{"id":10041,"date":"2025-10-28T11:54:46","date_gmt":"2025-10-28T10:54:46","guid":{"rendered":"https:\/\/relaunch.norbert.de\/?page_id=10041"},"modified":"2025-10-29T22:46:07","modified_gmt":"2025-10-29T21:46:07","slug":"ich-habe-einen-trojaner","status":"publish","type":"page","link":"https:\/\/www.norbert.de\/index.php\/stories\/ich-habe-einen-trojaner\/","title":{"rendered":"Ich habe einen Trojaner!"},"content":{"rendered":"\n<div class=\"wp-block-columns is-layout-flex wp-container-core-columns-is-layout-9d6595d7 wp-block-columns-is-layout-flex\">\n<div class=\"wp-block-column is-layout-flow wp-block-column-is-layout-flow\" style=\"flex-basis:66.66%\">\n<h2 class=\"wp-block-heading\">Hilfe! Ich habe einen Werbetrojaner!<\/h2>\n\n\n\n<p>Einmal nicht aufgepasst \u2013 und schon hatte ich mir einen Werbetrojaner eingefangen.<br>Einen von der ganz \u00fcblen Sorte: keiner der g\u00e4ngigen Virenscanner erkannte ihn.<br>Es half nur eine komplette Neuinstallation von Windows 10, um ihn loszuwerden.<\/p>\n\n\n\n<p>Eigentlich hatte ich mich als Softwareentwickler immer auf der sicheren Seite gew\u00e4hnt \u2013<br>ich f\u00fchlte mich schlie\u00dflich als Fachmann, als jemand, dem so etwas nicht passieren konnte.<br>Aber nun hatte es mich doch erwischt: Ich hatte mir einen Werbe-Trojaner eingefangen!<\/p>\n\n\n\n<p>Immer wieder erschienen unerw\u00fcnschte Werbebotschaften, und kein Virenscanner half.<br>Weder Microsoft Defender noch Kaspersky oder andere Tools fanden etwas.<br>Ich hatte keine dubiosen Webseiten besucht und keine verd\u00e4chtigen E-Mail-Anh\u00e4nge ge\u00f6ffnet \u2013 und doch wurde ich dauernd bel\u00e4stigt!<\/p>\n\n\n\n<p>Zuerst erschien unten rechts ein kleines Meldungsfenster:<\/p>\n\n\n\n<figure class=\"wp-block-image size-full\"><img loading=\"lazy\" decoding=\"async\" width=\"520\" height=\"343\" src=\"https:\/\/relaunch.norbert.de\/wp-content\/uploads\/2025\/10\/Windows1.png\" alt=\"\" class=\"wp-image-10095\" srcset=\"https:\/\/www.norbert.de\/wp-content\/uploads\/2025\/10\/Windows1.png 520w, https:\/\/www.norbert.de\/wp-content\/uploads\/2025\/10\/Windows1-300x198.png 300w\" sizes=\"auto, (max-width: 520px) 100vw, 520px\" \/><\/figure>\n\n\n\n<p>Dann kamen sogar richtig gro\u00dfe Pop-ups,<br>die sich mitten w\u00e4hrend der Arbeit<br>\u00fcber meine Programme legten:<\/p>\n\n\n\n<figure class=\"wp-block-image size-full\"><img loading=\"lazy\" decoding=\"async\" width=\"520\" height=\"362\" src=\"https:\/\/relaunch.norbert.de\/wp-content\/uploads\/2025\/10\/Windows2.png\" alt=\"\" class=\"wp-image-10096\" srcset=\"https:\/\/www.norbert.de\/wp-content\/uploads\/2025\/10\/Windows2.png 520w, https:\/\/www.norbert.de\/wp-content\/uploads\/2025\/10\/Windows2-300x209.png 300w\" sizes=\"auto, (max-width: 520px) 100vw, 520px\" \/><\/figure>\n\n\n\n<p>Das war wirklich l\u00e4stig.<br>Um das Problem zu beseitigen, hie\u00df es, ich m\u00fcsse Windows 10 frisch installieren \u2013 dann w\u00fcrden die Meldungen verschwinden.<\/p>\n\n\n\n<p>Oder, noch besser, ich sollte gleich auf Linux umsteigen.<\/p>\n\n\n\n<p>Na dann, dachte ich mir \u2013 das war wohl die beste Werbung f\u00fcr Linux, die Microsoft je gemacht hatte.<\/p>\n<\/div>\n\n\n\n<div class=\"wp-block-column is-layout-flow wp-block-column-is-layout-flow\" style=\"flex-basis:33.33%\"><\/div>\n<\/div>\n\n\n\n<p><\/p>\n","protected":false},"excerpt":{"rendered":"<p>Hilfe! Ich habe einen Werbetrojaner! Einmal nicht aufgepasst \u2013 und schon hatte ich mir einen Werbetrojaner eingefangen.Einen von der ganz \u00fcblen Sorte: keiner der g\u00e4ngigen Virenscanner erkannte ihn.Es half nur eine komplette Neuinstallation von Windows 10, um ihn loszuwerden. Eigentlich hatte ich mich als Softwareentwickler immer auf der sicheren Seite gew\u00e4hnt \u2013ich f\u00fchlte mich schlie\u00dflich&#8230;<\/p>\n","protected":false},"author":1,"featured_media":0,"parent":35,"menu_order":160,"comment_status":"closed","ping_status":"closed","template":"","meta":{"_kad_post_transparent":"","_kad_post_title":"","_kad_post_layout":"","_kad_post_sidebar_id":"","_kad_post_content_style":"","_kad_post_vertical_padding":"","_kad_post_feature":"","_kad_post_feature_position":"","_kad_post_header":false,"_kad_post_footer":false,"_kad_post_classname":"","footnotes":""},"class_list":["post-10041","page","type-page","status-publish","hentry"],"yoast_head":"<!-- This site is optimized with the Yoast SEO plugin v26.4 - https:\/\/yoast.com\/wordpress\/plugins\/seo\/ -->\n<title>Hilfe! Ich hatte einen Werbetrojaner \u2013 und Microsoft half dabei<\/title>\n<meta name=\"description\" content=\"Eine wahre und witzige Geschichte: Ein Softwareentwickler f\u00e4ngt sich einen hartn\u00e4ckigen Werbetrojaner ein \u2013 und findet die wohl effektivste Werbung f\u00fcr Linux, die Microsoft je gemacht hat.\" \/>\n<meta name=\"robots\" content=\"index, follow, max-snippet:-1, max-image-preview:large, max-video-preview:-1\" \/>\n<link rel=\"canonical\" href=\"https:\/\/www.norbert.de\/index.php\/stories\/ich-habe-einen-trojaner\/\" \/>\n<meta property=\"og:locale\" content=\"de_DE\" \/>\n<meta property=\"og:type\" content=\"article\" \/>\n<meta property=\"og:title\" content=\"Hilfe! Ich hatte einen Werbetrojaner \u2013 und Microsoft half dabei\" \/>\n<meta property=\"og:description\" content=\"Eine wahre und witzige Geschichte: Ein Softwareentwickler f\u00e4ngt sich einen hartn\u00e4ckigen Werbetrojaner ein \u2013 und findet die wohl effektivste Werbung f\u00fcr Linux, die Microsoft je gemacht hat.\" \/>\n<meta property=\"og:url\" content=\"https:\/\/www.norbert.de\/index.php\/stories\/ich-habe-einen-trojaner\/\" \/>\n<meta property=\"og:site_name\" content=\"Norberts Heimat-Bl\u00e4tter\" \/>\n<meta property=\"article:publisher\" content=\"https:\/\/www.facebook.com\/norbert.schlia\" \/>\n<meta property=\"article:modified_time\" content=\"2025-10-29T21:46:07+00:00\" \/>\n<meta property=\"og:image\" content=\"https:\/\/www.norbert.de\/wp-content\/uploads\/2025\/10\/Windows1.png\" \/>\n\t<meta property=\"og:image:width\" content=\"520\" \/>\n\t<meta property=\"og:image:height\" content=\"343\" \/>\n\t<meta property=\"og:image:type\" content=\"image\/png\" \/>\n<meta name=\"twitter:card\" content=\"summary_large_image\" \/>\n<meta name=\"twitter:label1\" content=\"Gesch\u00e4tzte Lesezeit\" \/>\n\t<meta name=\"twitter:data1\" content=\"2\u00a0Minuten\" \/>\n<script type=\"application\/ld+json\" class=\"yoast-schema-graph\">{\"@context\":\"https:\/\/schema.org\",\"@graph\":[{\"@type\":\"WebPage\",\"@id\":\"https:\/\/www.norbert.de\/index.php\/stories\/ich-habe-einen-trojaner\/\",\"url\":\"https:\/\/www.norbert.de\/index.php\/stories\/ich-habe-einen-trojaner\/\",\"name\":\"Hilfe! Ich hatte einen Werbetrojaner \u2013 und Microsoft half dabei\",\"isPartOf\":{\"@id\":\"https:\/\/www.norbert.de\/#website\"},\"primaryImageOfPage\":{\"@id\":\"https:\/\/www.norbert.de\/index.php\/stories\/ich-habe-einen-trojaner\/#primaryimage\"},\"image\":{\"@id\":\"https:\/\/www.norbert.de\/index.php\/stories\/ich-habe-einen-trojaner\/#primaryimage\"},\"thumbnailUrl\":\"https:\/\/relaunch.norbert.de\/wp-content\/uploads\/2025\/10\/Windows1.png\",\"datePublished\":\"2025-10-28T10:54:46+00:00\",\"dateModified\":\"2025-10-29T21:46:07+00:00\",\"description\":\"Eine wahre und witzige Geschichte: Ein Softwareentwickler f\u00e4ngt sich einen hartn\u00e4ckigen Werbetrojaner ein \u2013 und findet die wohl effektivste Werbung f\u00fcr Linux, die Microsoft je gemacht hat.\",\"breadcrumb\":{\"@id\":\"https:\/\/www.norbert.de\/index.php\/stories\/ich-habe-einen-trojaner\/#breadcrumb\"},\"inLanguage\":\"de\",\"potentialAction\":[{\"@type\":\"ReadAction\",\"target\":[\"https:\/\/www.norbert.de\/index.php\/stories\/ich-habe-einen-trojaner\/\"]}]},{\"@type\":\"ImageObject\",\"inLanguage\":\"de\",\"@id\":\"https:\/\/www.norbert.de\/index.php\/stories\/ich-habe-einen-trojaner\/#primaryimage\",\"url\":\"https:\/\/relaunch.norbert.de\/wp-content\/uploads\/2025\/10\/Windows1.png\",\"contentUrl\":\"https:\/\/relaunch.norbert.de\/wp-content\/uploads\/2025\/10\/Windows1.png\"},{\"@type\":\"BreadcrumbList\",\"@id\":\"https:\/\/www.norbert.de\/index.php\/stories\/ich-habe-einen-trojaner\/#breadcrumb\",\"itemListElement\":[{\"@type\":\"ListItem\",\"position\":1,\"name\":\"Startseite\",\"item\":\"https:\/\/www.norbert.de\/\"},{\"@type\":\"ListItem\",\"position\":2,\"name\":\"Geschichten aus dem echten Leben\",\"item\":\"https:\/\/www.norbert.de\/index.php\/stories\/\"},{\"@type\":\"ListItem\",\"position\":3,\"name\":\"Ich habe einen Trojaner!\"}]},{\"@type\":\"WebSite\",\"@id\":\"https:\/\/www.norbert.de\/#website\",\"url\":\"https:\/\/www.norbert.de\/\",\"name\":\"Norbert's Heimat-Bl\u00e4tter\",\"description\":\"Das Relaunch meiner Homepages\",\"publisher\":{\"@id\":\"https:\/\/www.norbert.de\/#\/schema\/person\/3b432252d8fc5c17e6b449df5a355023\"},\"potentialAction\":[{\"@type\":\"SearchAction\",\"target\":{\"@type\":\"EntryPoint\",\"urlTemplate\":\"https:\/\/www.norbert.de\/?s={search_term_string}\"},\"query-input\":{\"@type\":\"PropertyValueSpecification\",\"valueRequired\":true,\"valueName\":\"search_term_string\"}}],\"inLanguage\":\"de\"},{\"@type\":[\"Person\",\"Organization\"],\"@id\":\"https:\/\/www.norbert.de\/#\/schema\/person\/3b432252d8fc5c17e6b449df5a355023\",\"name\":\"norbert\",\"image\":{\"@type\":\"ImageObject\",\"inLanguage\":\"de\",\"@id\":\"https:\/\/www.norbert.de\/#\/schema\/person\/image\/\",\"url\":\"https:\/\/www.norbert.de\/wp-content\/uploads\/2025\/10\/Selfie-scaled.jpg\",\"contentUrl\":\"https:\/\/www.norbert.de\/wp-content\/uploads\/2025\/10\/Selfie-scaled.jpg\",\"width\":2560,\"height\":2072,\"caption\":\"norbert\"},\"logo\":{\"@id\":\"https:\/\/www.norbert.de\/#\/schema\/person\/image\/\"},\"sameAs\":[\"https:\/\/www.norbert.de\",\"https:\/\/www.facebook.com\/norbert.schlia\",\"https:\/\/www.instagram.com\/norbertschlia\/\",\"https:\/\/www.linkedin.com\/in\/norbertschlia\/\",\"https:\/\/www.youtube.com\/nschlia\"]}]}<\/script>\n<!-- \/ Yoast SEO plugin. -->","yoast_head_json":{"title":"Hilfe! Ich hatte einen Werbetrojaner \u2013 und Microsoft half dabei","description":"Eine wahre und witzige Geschichte: Ein Softwareentwickler f\u00e4ngt sich einen hartn\u00e4ckigen Werbetrojaner ein \u2013 und findet die wohl effektivste Werbung f\u00fcr Linux, die Microsoft je gemacht hat.","robots":{"index":"index","follow":"follow","max-snippet":"max-snippet:-1","max-image-preview":"max-image-preview:large","max-video-preview":"max-video-preview:-1"},"canonical":"https:\/\/www.norbert.de\/index.php\/stories\/ich-habe-einen-trojaner\/","og_locale":"de_DE","og_type":"article","og_title":"Hilfe! Ich hatte einen Werbetrojaner \u2013 und Microsoft half dabei","og_description":"Eine wahre und witzige Geschichte: Ein Softwareentwickler f\u00e4ngt sich einen hartn\u00e4ckigen Werbetrojaner ein \u2013 und findet die wohl effektivste Werbung f\u00fcr Linux, die Microsoft je gemacht hat.","og_url":"https:\/\/www.norbert.de\/index.php\/stories\/ich-habe-einen-trojaner\/","og_site_name":"Norberts Heimat-Bl\u00e4tter","article_publisher":"https:\/\/www.facebook.com\/norbert.schlia","article_modified_time":"2025-10-29T21:46:07+00:00","og_image":[{"width":520,"height":343,"url":"https:\/\/www.norbert.de\/wp-content\/uploads\/2025\/10\/Windows1.png","type":"image\/png"}],"twitter_card":"summary_large_image","twitter_misc":{"Gesch\u00e4tzte Lesezeit":"2\u00a0Minuten"},"schema":{"@context":"https:\/\/schema.org","@graph":[{"@type":"WebPage","@id":"https:\/\/www.norbert.de\/index.php\/stories\/ich-habe-einen-trojaner\/","url":"https:\/\/www.norbert.de\/index.php\/stories\/ich-habe-einen-trojaner\/","name":"Hilfe! Ich hatte einen Werbetrojaner \u2013 und Microsoft half dabei","isPartOf":{"@id":"https:\/\/www.norbert.de\/#website"},"primaryImageOfPage":{"@id":"https:\/\/www.norbert.de\/index.php\/stories\/ich-habe-einen-trojaner\/#primaryimage"},"image":{"@id":"https:\/\/www.norbert.de\/index.php\/stories\/ich-habe-einen-trojaner\/#primaryimage"},"thumbnailUrl":"https:\/\/relaunch.norbert.de\/wp-content\/uploads\/2025\/10\/Windows1.png","datePublished":"2025-10-28T10:54:46+00:00","dateModified":"2025-10-29T21:46:07+00:00","description":"Eine wahre und witzige Geschichte: Ein Softwareentwickler f\u00e4ngt sich einen hartn\u00e4ckigen Werbetrojaner ein \u2013 und findet die wohl effektivste Werbung f\u00fcr Linux, die Microsoft je gemacht hat.","breadcrumb":{"@id":"https:\/\/www.norbert.de\/index.php\/stories\/ich-habe-einen-trojaner\/#breadcrumb"},"inLanguage":"de","potentialAction":[{"@type":"ReadAction","target":["https:\/\/www.norbert.de\/index.php\/stories\/ich-habe-einen-trojaner\/"]}]},{"@type":"ImageObject","inLanguage":"de","@id":"https:\/\/www.norbert.de\/index.php\/stories\/ich-habe-einen-trojaner\/#primaryimage","url":"https:\/\/relaunch.norbert.de\/wp-content\/uploads\/2025\/10\/Windows1.png","contentUrl":"https:\/\/relaunch.norbert.de\/wp-content\/uploads\/2025\/10\/Windows1.png"},{"@type":"BreadcrumbList","@id":"https:\/\/www.norbert.de\/index.php\/stories\/ich-habe-einen-trojaner\/#breadcrumb","itemListElement":[{"@type":"ListItem","position":1,"name":"Startseite","item":"https:\/\/www.norbert.de\/"},{"@type":"ListItem","position":2,"name":"Geschichten aus dem echten Leben","item":"https:\/\/www.norbert.de\/index.php\/stories\/"},{"@type":"ListItem","position":3,"name":"Ich habe einen Trojaner!"}]},{"@type":"WebSite","@id":"https:\/\/www.norbert.de\/#website","url":"https:\/\/www.norbert.de\/","name":"Norbert's Heimat-Bl\u00e4tter","description":"Das Relaunch meiner Homepages","publisher":{"@id":"https:\/\/www.norbert.de\/#\/schema\/person\/3b432252d8fc5c17e6b449df5a355023"},"potentialAction":[{"@type":"SearchAction","target":{"@type":"EntryPoint","urlTemplate":"https:\/\/www.norbert.de\/?s={search_term_string}"},"query-input":{"@type":"PropertyValueSpecification","valueRequired":true,"valueName":"search_term_string"}}],"inLanguage":"de"},{"@type":["Person","Organization"],"@id":"https:\/\/www.norbert.de\/#\/schema\/person\/3b432252d8fc5c17e6b449df5a355023","name":"norbert","image":{"@type":"ImageObject","inLanguage":"de","@id":"https:\/\/www.norbert.de\/#\/schema\/person\/image\/","url":"https:\/\/www.norbert.de\/wp-content\/uploads\/2025\/10\/Selfie-scaled.jpg","contentUrl":"https:\/\/www.norbert.de\/wp-content\/uploads\/2025\/10\/Selfie-scaled.jpg","width":2560,"height":2072,"caption":"norbert"},"logo":{"@id":"https:\/\/www.norbert.de\/#\/schema\/person\/image\/"},"sameAs":["https:\/\/www.norbert.de","https:\/\/www.facebook.com\/norbert.schlia","https:\/\/www.instagram.com\/norbertschlia\/","https:\/\/www.linkedin.com\/in\/norbertschlia\/","https:\/\/www.youtube.com\/nschlia"]}]}},"_links":{"self":[{"href":"https:\/\/www.norbert.de\/index.php\/wp-json\/wp\/v2\/pages\/10041","targetHints":{"allow":["GET"]}}],"collection":[{"href":"https:\/\/www.norbert.de\/index.php\/wp-json\/wp\/v2\/pages"}],"about":[{"href":"https:\/\/www.norbert.de\/index.php\/wp-json\/wp\/v2\/types\/page"}],"author":[{"embeddable":true,"href":"https:\/\/www.norbert.de\/index.php\/wp-json\/wp\/v2\/users\/1"}],"replies":[{"embeddable":true,"href":"https:\/\/www.norbert.de\/index.php\/wp-json\/wp\/v2\/comments?post=10041"}],"version-history":[{"count":5,"href":"https:\/\/www.norbert.de\/index.php\/wp-json\/wp\/v2\/pages\/10041\/revisions"}],"predecessor-version":[{"id":10177,"href":"https:\/\/www.norbert.de\/index.php\/wp-json\/wp\/v2\/pages\/10041\/revisions\/10177"}],"up":[{"embeddable":true,"href":"https:\/\/www.norbert.de\/index.php\/wp-json\/wp\/v2\/pages\/35"}],"wp:attachment":[{"href":"https:\/\/www.norbert.de\/index.php\/wp-json\/wp\/v2\/media?parent=10041"}],"curies":[{"name":"wp","href":"https:\/\/api.w.org\/{rel}","templated":true}]}}