{"id":10019,"date":"2025-10-28T11:52:49","date_gmt":"2025-10-28T10:52:49","guid":{"rendered":"https:\/\/relaunch.norbert.de\/?page_id=10019"},"modified":"2025-10-28T15:53:51","modified_gmt":"2025-10-28T14:53:51","slug":"das-tamagotchi","status":"publish","type":"page","link":"https:\/\/www.norbert.de\/index.php\/stories\/das-tamagotchi\/","title":{"rendered":"Das Tamagotchi"},"content":{"rendered":"\n<h2 class=\"wp-block-heading\">Verkehrtes Geschenk<\/h2>\n\n\n\n<h3 class=\"wp-block-heading\">Das Tamagotchi<\/h3>\n\n\n\n<p>Muss man jemandem, der Tamagotchis hasst, unbedingt eines schenken?<br>Und muss der Beschenkte dann gute Miene zum b\u00f6sen Spiel machen und so tun, als ob er\u2019s mag?<br>Naja \u2013 man kann auch ehrlich sein \u2026<\/p>\n\n\n\n<p>Es gibt Dinge, wegen denen ich zur rei\u00dfenden Wildsau werden kann.<br>Ein rotes Tuch f\u00fcr mich waren in der zweiten H\u00e4lfte der 1990er Jahre die Tamagotchis.<br>Regelm\u00e4\u00dfig wurden Unterhaltungen unterbrochen, weil jemand sein virtuelles K\u00fcken f\u00fcttern musste.<br>Schulen sprachen Bannfl\u00fcche \u00fcber die Dinger aus, und in Stra\u00dfenbahnen herrschte ein Dauergepiepe.<br>Eine wahre Heimsuchung.<\/p>\n\n\n\n<p>Ich hatte mich wohl nicht deutlich genug ausgedr\u00fcckt, denn trotz eindringlicher Warnung<br>erhielt ich eines dieser Qu\u00e4lgeister als Geburtstagsgeschenk.<\/p>\n\n\n\n<p>Als ich die Verpackung \u00f6ffnete, h\u00fcpfte das kleine Biest auf seinem Display fr\u00f6hlich auf und ab.<br>Ich marschierte kurzerhand in die Abstellkammer, holte Hammer und Dachpappenn\u00e4gel<br>und nagelte es an einen T\u00fcrrahmen \u2013 nat\u00fcrlich nicht am Armband, sondern mitten durchs Display.<\/p>\n\n\n\n<p>Wie die gehenkten Piraten am Galgen f\u00fchrte es einen wahren <em>Marshall\u2019s Dance<\/em> auf<br>und quiekte herzzerrei\u00dfend ein letztes Mal.<\/p>\n\n\n\n<p>In bester alter Tradition, als man Piraten in K\u00e4figen mindestens drei Fluten lang h\u00e4ngen lie\u00df,<br>blieb es \u201egibbetiert\u201c f\u00fcr einige Wochen am T\u00fcrrahmen.<br>Nur geteert und in einen K\u00e4fig gesteckt habe ich es nicht.<\/p>\n\n\n\n<p>Seitdem bekomme ich nur noch Geschenke, bei denen man sicher sein kann,<br>dass ich sie m\u00f6gen werde.<\/p>\n","protected":false},"excerpt":{"rendered":"<p>Verkehrtes Geschenk Das Tamagotchi Muss man jemandem, der Tamagotchis hasst, unbedingt eines schenken?Und muss der Beschenkte dann gute Miene zum b\u00f6sen Spiel machen und so tun, als ob er\u2019s mag?Naja \u2013 man kann auch ehrlich sein \u2026 Es gibt Dinge, wegen denen ich zur rei\u00dfenden Wildsau werden kann.Ein rotes Tuch f\u00fcr mich waren in der&#8230;<\/p>\n","protected":false},"author":1,"featured_media":0,"parent":35,"menu_order":50,"comment_status":"closed","ping_status":"closed","template":"","meta":{"_kad_post_transparent":"","_kad_post_title":"","_kad_post_layout":"","_kad_post_sidebar_id":"","_kad_post_content_style":"","_kad_post_vertical_padding":"","_kad_post_feature":"","_kad_post_feature_position":"","_kad_post_header":false,"_kad_post_footer":false,"_kad_post_classname":"","footnotes":""},"class_list":["post-10019","page","type-page","status-publish","hentry"],"yoast_head":"<!-- This site is optimized with the Yoast SEO plugin v26.4 - https:\/\/yoast.com\/wordpress\/plugins\/seo\/ -->\n<title>Verkehrtes Geschenk \u2013 Das Tamagotchi am Galgen<\/title>\n<meta name=\"description\" content=\"Eine wahre Kurzgeschichte mit schwarzem Humor: Was passiert, wenn man einem Tamagotchi-Hasser eines schenkt \u2013 und er den Hammer holt.\" \/>\n<meta name=\"robots\" content=\"index, follow, max-snippet:-1, max-image-preview:large, max-video-preview:-1\" \/>\n<link rel=\"canonical\" href=\"https:\/\/www.norbert.de\/index.php\/stories\/das-tamagotchi\/\" \/>\n<meta property=\"og:locale\" content=\"de_DE\" \/>\n<meta property=\"og:type\" content=\"article\" \/>\n<meta property=\"og:title\" content=\"Verkehrtes Geschenk \u2013 Das Tamagotchi am Galgen\" \/>\n<meta property=\"og:description\" content=\"Eine wahre Kurzgeschichte mit schwarzem Humor: Was passiert, wenn man einem Tamagotchi-Hasser eines schenkt \u2013 und er den Hammer holt.\" \/>\n<meta property=\"og:url\" content=\"https:\/\/www.norbert.de\/index.php\/stories\/das-tamagotchi\/\" \/>\n<meta property=\"og:site_name\" content=\"Norberts Heimat-Bl\u00e4tter\" \/>\n<meta property=\"article:publisher\" content=\"https:\/\/www.facebook.com\/norbert.schlia\" \/>\n<meta property=\"article:modified_time\" content=\"2025-10-28T14:53:51+00:00\" \/>\n<meta name=\"twitter:card\" content=\"summary_large_image\" \/>\n<meta name=\"twitter:label1\" content=\"Gesch\u00e4tzte Lesezeit\" \/>\n\t<meta name=\"twitter:data1\" content=\"2\u00a0Minuten\" \/>\n<script type=\"application\/ld+json\" class=\"yoast-schema-graph\">{\"@context\":\"https:\/\/schema.org\",\"@graph\":[{\"@type\":\"WebPage\",\"@id\":\"https:\/\/www.norbert.de\/index.php\/stories\/das-tamagotchi\/\",\"url\":\"https:\/\/www.norbert.de\/index.php\/stories\/das-tamagotchi\/\",\"name\":\"Verkehrtes Geschenk \u2013 Das Tamagotchi am Galgen\",\"isPartOf\":{\"@id\":\"https:\/\/www.norbert.de\/#website\"},\"datePublished\":\"2025-10-28T10:52:49+00:00\",\"dateModified\":\"2025-10-28T14:53:51+00:00\",\"description\":\"Eine wahre Kurzgeschichte mit schwarzem Humor: Was passiert, wenn man einem Tamagotchi-Hasser eines schenkt \u2013 und er den Hammer holt.\",\"breadcrumb\":{\"@id\":\"https:\/\/www.norbert.de\/index.php\/stories\/das-tamagotchi\/#breadcrumb\"},\"inLanguage\":\"de\",\"potentialAction\":[{\"@type\":\"ReadAction\",\"target\":[\"https:\/\/www.norbert.de\/index.php\/stories\/das-tamagotchi\/\"]}]},{\"@type\":\"BreadcrumbList\",\"@id\":\"https:\/\/www.norbert.de\/index.php\/stories\/das-tamagotchi\/#breadcrumb\",\"itemListElement\":[{\"@type\":\"ListItem\",\"position\":1,\"name\":\"Startseite\",\"item\":\"https:\/\/www.norbert.de\/\"},{\"@type\":\"ListItem\",\"position\":2,\"name\":\"Geschichten aus dem echten Leben\",\"item\":\"https:\/\/www.norbert.de\/index.php\/stories\/\"},{\"@type\":\"ListItem\",\"position\":3,\"name\":\"Das Tamagotchi\"}]},{\"@type\":\"WebSite\",\"@id\":\"https:\/\/www.norbert.de\/#website\",\"url\":\"https:\/\/www.norbert.de\/\",\"name\":\"Norbert's Heimat-Bl\u00e4tter\",\"description\":\"Das Relaunch meiner Homepages\",\"publisher\":{\"@id\":\"https:\/\/www.norbert.de\/#\/schema\/person\/3b432252d8fc5c17e6b449df5a355023\"},\"potentialAction\":[{\"@type\":\"SearchAction\",\"target\":{\"@type\":\"EntryPoint\",\"urlTemplate\":\"https:\/\/www.norbert.de\/?s={search_term_string}\"},\"query-input\":{\"@type\":\"PropertyValueSpecification\",\"valueRequired\":true,\"valueName\":\"search_term_string\"}}],\"inLanguage\":\"de\"},{\"@type\":[\"Person\",\"Organization\"],\"@id\":\"https:\/\/www.norbert.de\/#\/schema\/person\/3b432252d8fc5c17e6b449df5a355023\",\"name\":\"norbert\",\"image\":{\"@type\":\"ImageObject\",\"inLanguage\":\"de\",\"@id\":\"https:\/\/www.norbert.de\/#\/schema\/person\/image\/\",\"url\":\"https:\/\/www.norbert.de\/wp-content\/uploads\/2025\/10\/Selfie-scaled.jpg\",\"contentUrl\":\"https:\/\/www.norbert.de\/wp-content\/uploads\/2025\/10\/Selfie-scaled.jpg\",\"width\":2560,\"height\":2072,\"caption\":\"norbert\"},\"logo\":{\"@id\":\"https:\/\/www.norbert.de\/#\/schema\/person\/image\/\"},\"sameAs\":[\"https:\/\/www.norbert.de\",\"https:\/\/www.facebook.com\/norbert.schlia\",\"https:\/\/www.instagram.com\/norbertschlia\/\",\"https:\/\/www.linkedin.com\/in\/norbertschlia\/\",\"https:\/\/www.youtube.com\/nschlia\"]}]}<\/script>\n<!-- \/ Yoast SEO plugin. -->","yoast_head_json":{"title":"Verkehrtes Geschenk \u2013 Das Tamagotchi am Galgen","description":"Eine wahre Kurzgeschichte mit schwarzem Humor: Was passiert, wenn man einem Tamagotchi-Hasser eines schenkt \u2013 und er den Hammer holt.","robots":{"index":"index","follow":"follow","max-snippet":"max-snippet:-1","max-image-preview":"max-image-preview:large","max-video-preview":"max-video-preview:-1"},"canonical":"https:\/\/www.norbert.de\/index.php\/stories\/das-tamagotchi\/","og_locale":"de_DE","og_type":"article","og_title":"Verkehrtes Geschenk \u2013 Das Tamagotchi am Galgen","og_description":"Eine wahre Kurzgeschichte mit schwarzem Humor: Was passiert, wenn man einem Tamagotchi-Hasser eines schenkt \u2013 und er den Hammer holt.","og_url":"https:\/\/www.norbert.de\/index.php\/stories\/das-tamagotchi\/","og_site_name":"Norberts Heimat-Bl\u00e4tter","article_publisher":"https:\/\/www.facebook.com\/norbert.schlia","article_modified_time":"2025-10-28T14:53:51+00:00","twitter_card":"summary_large_image","twitter_misc":{"Gesch\u00e4tzte Lesezeit":"2\u00a0Minuten"},"schema":{"@context":"https:\/\/schema.org","@graph":[{"@type":"WebPage","@id":"https:\/\/www.norbert.de\/index.php\/stories\/das-tamagotchi\/","url":"https:\/\/www.norbert.de\/index.php\/stories\/das-tamagotchi\/","name":"Verkehrtes Geschenk \u2013 Das Tamagotchi am Galgen","isPartOf":{"@id":"https:\/\/www.norbert.de\/#website"},"datePublished":"2025-10-28T10:52:49+00:00","dateModified":"2025-10-28T14:53:51+00:00","description":"Eine wahre Kurzgeschichte mit schwarzem Humor: Was passiert, wenn man einem Tamagotchi-Hasser eines schenkt \u2013 und er den Hammer holt.","breadcrumb":{"@id":"https:\/\/www.norbert.de\/index.php\/stories\/das-tamagotchi\/#breadcrumb"},"inLanguage":"de","potentialAction":[{"@type":"ReadAction","target":["https:\/\/www.norbert.de\/index.php\/stories\/das-tamagotchi\/"]}]},{"@type":"BreadcrumbList","@id":"https:\/\/www.norbert.de\/index.php\/stories\/das-tamagotchi\/#breadcrumb","itemListElement":[{"@type":"ListItem","position":1,"name":"Startseite","item":"https:\/\/www.norbert.de\/"},{"@type":"ListItem","position":2,"name":"Geschichten aus dem echten Leben","item":"https:\/\/www.norbert.de\/index.php\/stories\/"},{"@type":"ListItem","position":3,"name":"Das Tamagotchi"}]},{"@type":"WebSite","@id":"https:\/\/www.norbert.de\/#website","url":"https:\/\/www.norbert.de\/","name":"Norbert's Heimat-Bl\u00e4tter","description":"Das Relaunch meiner Homepages","publisher":{"@id":"https:\/\/www.norbert.de\/#\/schema\/person\/3b432252d8fc5c17e6b449df5a355023"},"potentialAction":[{"@type":"SearchAction","target":{"@type":"EntryPoint","urlTemplate":"https:\/\/www.norbert.de\/?s={search_term_string}"},"query-input":{"@type":"PropertyValueSpecification","valueRequired":true,"valueName":"search_term_string"}}],"inLanguage":"de"},{"@type":["Person","Organization"],"@id":"https:\/\/www.norbert.de\/#\/schema\/person\/3b432252d8fc5c17e6b449df5a355023","name":"norbert","image":{"@type":"ImageObject","inLanguage":"de","@id":"https:\/\/www.norbert.de\/#\/schema\/person\/image\/","url":"https:\/\/www.norbert.de\/wp-content\/uploads\/2025\/10\/Selfie-scaled.jpg","contentUrl":"https:\/\/www.norbert.de\/wp-content\/uploads\/2025\/10\/Selfie-scaled.jpg","width":2560,"height":2072,"caption":"norbert"},"logo":{"@id":"https:\/\/www.norbert.de\/#\/schema\/person\/image\/"},"sameAs":["https:\/\/www.norbert.de","https:\/\/www.facebook.com\/norbert.schlia","https:\/\/www.instagram.com\/norbertschlia\/","https:\/\/www.linkedin.com\/in\/norbertschlia\/","https:\/\/www.youtube.com\/nschlia"]}]}},"_links":{"self":[{"href":"https:\/\/www.norbert.de\/index.php\/wp-json\/wp\/v2\/pages\/10019","targetHints":{"allow":["GET"]}}],"collection":[{"href":"https:\/\/www.norbert.de\/index.php\/wp-json\/wp\/v2\/pages"}],"about":[{"href":"https:\/\/www.norbert.de\/index.php\/wp-json\/wp\/v2\/types\/page"}],"author":[{"embeddable":true,"href":"https:\/\/www.norbert.de\/index.php\/wp-json\/wp\/v2\/users\/1"}],"replies":[{"embeddable":true,"href":"https:\/\/www.norbert.de\/index.php\/wp-json\/wp\/v2\/comments?post=10019"}],"version-history":[{"count":2,"href":"https:\/\/www.norbert.de\/index.php\/wp-json\/wp\/v2\/pages\/10019\/revisions"}],"predecessor-version":[{"id":10075,"href":"https:\/\/www.norbert.de\/index.php\/wp-json\/wp\/v2\/pages\/10019\/revisions\/10075"}],"up":[{"embeddable":true,"href":"https:\/\/www.norbert.de\/index.php\/wp-json\/wp\/v2\/pages\/35"}],"wp:attachment":[{"href":"https:\/\/www.norbert.de\/index.php\/wp-json\/wp\/v2\/media?parent=10019"}],"curies":[{"name":"wp","href":"https:\/\/api.w.org\/{rel}","templated":true}]}}